{"id":12,"date":"2010-11-17T14:54:17","date_gmt":"2010-11-17T14:54:17","guid":{"rendered":"http:\/\/www.variantcb.cz\/?page_id=12"},"modified":"2018-03-02T15:08:03","modified_gmt":"2018-03-02T15:08:03","slug":"clenove-orchestru","status":"publish","type":"page","link":"https:\/\/www.variantcb.cz\/?page_id=12","title":{"rendered":"Obsazen\u00ed"},"content":{"rendered":"<p>&nbsp;<\/p>\n<table id=\"people\" class=\"aligncenter\" style=\"height: 157px;\" width=\"524\" border=\"0\" align=\"center\">\n<tbody>\n<tr>\n<td>&nbsp;<\/td>\n<td><a href=\"http:\/\/www.variantcb.cz\/o-orchestru\/clenove-orchestru\/michal-rychtarik-2\/\"><img loading=\"lazy\" decoding=\"async\" class=\"alignnone wp-image-1182\" src=\"http:\/\/www.variantcb.cz\/wp-content\/uploads\/2015\/11\/Michal-Rychta\u0159\u00edk-300x200.jpg\" alt=\"Michal Rychta\u0159\u00edk\" width=\"160\" height=\"106\" srcset=\"https:\/\/www.variantcb.cz\/wp-content\/uploads\/2015\/11\/Michal-Rychta\u0159\u00edk-300x200.jpg 300w, https:\/\/www.variantcb.cz\/wp-content\/uploads\/2015\/11\/Michal-Rychta\u0159\u00edk.jpg 451w\" sizes=\"auto, (max-width: 160px) 100vw, 160px\" \/><\/a><a href=\"?page_id=110\">&nbsp;<\/a><\/td>\n<td><a href=\"http:\/\/www.variantcb.cz\/o-orchestru\/clenove-orchestru\/bohunka-kopackova\/\"><img loading=\"lazy\" decoding=\"async\" class=\"alignnone wp-image-1178\" src=\"http:\/\/www.variantcb.cz\/wp-content\/uploads\/2015\/11\/Bohunka-Pot\u016f\u010dkov\u00e1-300x200.jpg\" alt=\"Bohunka Pot\u016f\u010dkov\u00e1\" width=\"160\" height=\"106\" srcset=\"https:\/\/www.variantcb.cz\/wp-content\/uploads\/2015\/11\/Bohunka-Pot\u016f\u010dkov\u00e1-300x200.jpg 300w, https:\/\/www.variantcb.cz\/wp-content\/uploads\/2015\/11\/Bohunka-Pot\u016f\u010dkov\u00e1.jpg 451w\" sizes=\"auto, (max-width: 160px) 100vw, 160px\" \/><\/a><\/td>\n<\/tr>\n<tr>\n<td style=\"text-align: center;\">&nbsp;<\/td>\n<td style=\"text-align: center;\">&nbsp;Michal Rychta\u0159\u00edk<\/td>\n<td style=\"text-align: center;\">Bohunka Pot\u016f\u010dkov\u00e1<\/td>\n<\/tr>\n<\/tbody>\n<\/table>\n<p>&nbsp;<\/p>\n<table style=\"height: 460px; width: 804px;\">\n<tbody>\n<tr>\n<td style=\"width: 141px;\">&nbsp;<a href=\"http:\/\/www.variantcb.cz\/o-orchestru\/clenove-orchestru\/vaclav-knotek\/\"><img decoding=\"async\" class=\"aligncenter\" src=\"http:\/\/www.variantcb.cz\/wp-content\/uploads\/2018\/01\/10-e1514828483950.jpg\"><\/a><\/td>\n<td style=\"width: 123px;\">&nbsp;<a href=\"http:\/\/www.variantcb.cz\/o-orchestru\/clenove-orchestru\/zdenek-koubek\/\"><img decoding=\"async\" class=\"aligncenter\" src=\"http:\/\/www.variantcb.cz\/wp-content\/uploads\/2018\/01\/4-e1514828633555.jpg\"><\/a><\/td>\n<td style=\"width: 123px;\"><img decoding=\"async\" class=\"aligncenter\" src=\"http:\/\/www.variantcb.cz\/wp-content\/uploads\/2018\/01\/7-e1514828695538.jpg\"><\/td>\n<td style=\"width: 127px;\">&nbsp;<img loading=\"lazy\" decoding=\"async\" class=\"aligncenter\" src=\"http:\/\/www.variantcb.cz\/wp-content\/uploads\/2018\/01\/6.jpg\" width=\"111\" height=\"168\"><\/td>\n<td style=\"width: 123.333px;\">&nbsp;<a href=\"http:\/\/www.variantcb.cz\/o-orchestru\/clenove-orchestru\/dalimil-smrz\/\"><img loading=\"lazy\" decoding=\"async\" class=\"aligncenter\" src=\"http:\/\/www.variantcb.cz\/wp-content\/uploads\/2018\/01\/5.jpg\" alt=\"\" width=\"111\" height=\"168\"><\/a><\/td>\n<td style=\"text-align: center; width: 122.667px;\"><a href=\"http:\/\/www.variantcb.cz\/o-orchestru\/clenove-orchestru\/zdenek-zavrel-2\/\"><img decoding=\"async\" class=\"aligncenter\" src=\"http:\/\/www.variantcb.cz\/wp-content\/uploads\/2018\/01\/11-e1514828975666.jpg\"><\/a><\/td>\n<\/tr>\n<tr>\n<td style=\"text-align: center; width: 141px;\">\n<div>&nbsp; V\u00e1clav Knotek<\/div>\n<div>perkuse+kapeln\u00edk<\/div>\n<\/td>\n<td style=\"text-align: center; width: 123px;\">\n<div>Zden\u011bk Koubek<\/div>\n<div>bic\u00ed +mana\u017eer<\/div>\n<\/td>\n<td style=\"text-align: center; width: 123px;\">\n<div>Martin&nbsp; Ku\u010dera<\/div>\n<div>kytara\/vocal<\/div>\n<\/td>\n<td style=\"text-align: center; width: 127px;\">\n<div>Pavel Strnad<\/div>\n<div>basov\u00e1 kytara<\/div>\n<\/td>\n<td style=\"text-align: center; width: 123.333px;\">\n<div>&nbsp;Dalimil Smr\u017e<\/div>\n<div>kl\u00e1vesy<\/div>\n<\/td>\n<td style=\"text-align: center; width: 122.667px;\">\n<div>Zden\u011bk Zav\u0159el<\/div>\n<div>trubka<\/div>\n<\/td>\n<\/tr>\n<tr>\n<td style=\"text-align: center; width: 141px;\">&nbsp;<a href=\"http:\/\/www.variantcb.cz\/o-orchestru\/clenove-orchestru\/marek-buble\/\"><img decoding=\"async\" class=\"aligncenter\" src=\"http:\/\/www.variantcb.cz\/wp-content\/uploads\/2018\/01\/1-e1514829053559.jpg\"><\/a><\/td>\n<td style=\"width: 123px;\">&nbsp;<a href=\"http:\/\/www.variantcb.cz\/o-orchestru\/clenove-orchestru\/martin-cuta-2\/\"><img decoding=\"async\" class=\"aligncenter\" src=\"http:\/\/www.variantcb.cz\/wp-content\/uploads\/2018\/01\/9-e1514828904198.jpg\"><\/a><\/td>\n<td style=\"width: 123px;\">&nbsp;<img decoding=\"async\" class=\"aligncenter\" src=\"http:\/\/www.variantcb.cz\/wp-content\/uploads\/2018\/01\/12-e1514829199171.jpg\"><\/td>\n<td style=\"width: 127px;\">&nbsp;<img decoding=\"async\" class=\"aligncenter\" src=\"http:\/\/www.variantcb.cz\/wp-content\/uploads\/2018\/01\/8-e1514829374143.jpg\"><\/td>\n<td style=\"text-align: center; width: 123.333px;\"><a href=\"http:\/\/www.variantcb.cz\/o-orchestru\/clenove-orchestru\/petr-bidlo-2\/\"><img loading=\"lazy\" decoding=\"async\" class=\"alignnone\" title=\"\" src=\"http:\/\/www.variantcb.cz\/wp-content\/uploads\/2015\/11\/Petr-Bidlo.jpg\" alt=\"\" width=\"110\" height=\"165\"><\/a><\/td>\n<td style=\"width: 122.667px;\">&nbsp;<a href=\"http:\/\/www.variantcb.cz\/o-orchestru\/clenove-orchestru\/vit-herman-2\/\"><img loading=\"lazy\" decoding=\"async\" class=\"aligncenter\" src=\"http:\/\/www.variantcb.cz\/wp-content\/uploads\/2015\/11\/V\u00edt-He\u0159man.jpg\" alt=\"\" width=\"110\" height=\"165\"><\/a><\/td>\n<\/tr>\n<tr>\n<td style=\"text-align: center; width: 141px;\">\n<div>Marek Buble<\/div>\n<div>saxofon&nbsp;<\/div>\n<\/td>\n<td style=\"text-align: center; width: 123px;\">\n<div>Martin \u010cuta<\/div>\n<div>pozoun<\/div>\n<\/td>\n<td style=\"text-align: center; width: 123px;\">\n<div>Tom\u00e1\u0161 Zeman<\/div>\n<div>trubka\/alter.<\/div>\n<\/td>\n<td style=\"text-align: center; width: 127px;\">\n<div>David P\u0159ibyl<\/div>\n<div>saxofon\/alter.<\/div>\n<\/td>\n<td style=\"text-align: center; width: 123.333px;\">\n<div>&nbsp;&nbsp;Petr Bidlo<\/div>\n<div>basa\/alter.<\/div>\n<\/td>\n<td style=\"width: 122.667px; text-align: center;\">\n<div>V\u00edt&nbsp; He\u0159man<\/div>\n<div style=\"text-align: center;\">kytara\/alter.<\/div>\n<\/td>\n<\/tr>\n<\/tbody>\n<\/table>\n<p>&nbsp;<\/p>\n<p>&nbsp;<\/p>\n","protected":false},"excerpt":{"rendered":"<p>&nbsp; &nbsp; &nbsp; &nbsp; &nbsp;Michal Rychta\u0159\u00edk Bohunka Pot\u016f\u010dkov\u00e1 &nbsp; &nbsp; &nbsp; &nbsp; &nbsp; &nbsp; V\u00e1clav Knotek perkuse+kapeln\u00edk Zden\u011bk Koubek bic\u00ed +mana\u017eer Martin&nbsp; Ku\u010dera kytara\/vocal Pavel Strnad basov\u00e1 kytara &nbsp;Dalimil Smr\u017e kl\u00e1vesy Zden\u011bk Zav\u0159el trubka &nbsp; &nbsp; &nbsp; &nbsp; &nbsp; Marek Buble saxofon&nbsp; Martin \u010cuta pozoun Tom\u00e1\u0161 Zeman trubka\/alter. David P\u0159ibyl saxofon\/alter. &nbsp;&nbsp;Petr Bidlo basa\/alter. V\u00edt&nbsp; [&hellip;]<\/p>\n","protected":false},"author":1,"featured_media":0,"parent":10,"menu_order":0,"comment_status":"closed","ping_status":"closed","template":"","meta":{"footnotes":""},"class_list":["post-12","page","type-page","status-publish","hentry"],"_links":{"self":[{"href":"https:\/\/www.variantcb.cz\/index.php?rest_route=\/wp\/v2\/pages\/12","targetHints":{"allow":["GET"]}}],"collection":[{"href":"https:\/\/www.variantcb.cz\/index.php?rest_route=\/wp\/v2\/pages"}],"about":[{"href":"https:\/\/www.variantcb.cz\/index.php?rest_route=\/wp\/v2\/types\/page"}],"author":[{"embeddable":true,"href":"https:\/\/www.variantcb.cz\/index.php?rest_route=\/wp\/v2\/users\/1"}],"replies":[{"embeddable":true,"href":"https:\/\/www.variantcb.cz\/index.php?rest_route=%2Fwp%2Fv2%2Fcomments&post=12"}],"version-history":[{"count":0,"href":"https:\/\/www.variantcb.cz\/index.php?rest_route=\/wp\/v2\/pages\/12\/revisions"}],"up":[{"embeddable":true,"href":"https:\/\/www.variantcb.cz\/index.php?rest_route=\/wp\/v2\/pages\/10"}],"wp:attachment":[{"href":"https:\/\/www.variantcb.cz\/index.php?rest_route=%2Fwp%2Fv2%2Fmedia&parent=12"}],"curies":[{"name":"wp","href":"https:\/\/api.w.org\/{rel}","templated":true}]}}