{"id":10,"date":"2010-11-17T14:54:00","date_gmt":"2010-11-17T14:54:00","guid":{"rendered":"http:\/\/www.variantcb.cz\/?page_id=10"},"modified":"2022-01-14T16:51:48","modified_gmt":"2022-01-14T16:51:48","slug":"o-orchestru","status":"publish","type":"page","link":"https:\/\/www.variantcb.cz\/","title":{"rendered":"O orchestru"},"content":{"rendered":"<table class=\" aligncenter\" style=\"height: 785px; width: 492px;\" border=\"0\">\n<tbody>\n<tr>\n<td style=\"width: 476.023px;\" valign=\"top\">\n<p style=\"padding-left: 30px; text-align: justify;\"><img loading=\"lazy\" decoding=\"async\" class=\"aligncenter\" src=\"http:\/\/www.variantcb.cz\/wp-content\/uploads\/2019\/02\/WEB.jpg\" width=\"620\" height=\"276\"><\/p>\n<p style=\"text-align: justify;\"><span style=\"font-size: 12pt; font-family: arial, helvetica, sans-serif;\">\u010ceskobud\u011bjovick\u00fd <strong>Tane\u010dn\u00ed orchestr Variant<\/strong> (*1974) interpretuje dom\u00e1c\u00ed i sv\u011btov\u00e9 hity jak v origin\u00e1ln\u00edch, tak i nov\u00fdch \u00faprav\u00e1ch bez pou\u017eit\u00ed elektronick\u00fdch hudebn\u00edch podklad\u016f. M\u011b\u0159\u00edtkem pro v\u00fdb\u011br reperto\u00e1ru je p\u0159edev\u0161\u00edm kvalita skladeb, bez ohledu na datum jejich vzniku. Proto v <a href=\"http:\/\/www.variantcb.cz\/?page_id=23\">reperto\u00e1ru<\/a> m\u016f\u017eete naj\u00edt zbrusu nov\u00e9 hity, vedle popov\u00e9 a rockov\u00e9 klasiky. Orchestr nab\u00edz\u00ed, krom\u011b zab\u011bhnut\u00e9 nab\u00eddky tzv. st\u0159edn\u00edho proudu, i cel\u00e9 spektrum standardn\u00edch i latinskoamerick\u00fdch tanc\u016f (waltz, tango, val\u010d\u00edk, quickstep, samba, rumba, cha-cha, rumba, jive, blues, slowfox a paso doble). V\u00fdb\u011br tanc\u016f dan\u00e9 akce, se \u0159\u00edd\u00ed p\u0159edev\u0161\u00edm podle po\u017eadavku pa\u0159adatele.<\/span><\/p>\n<p style=\"text-align: justify;\"><span style=\"font-size: 14pt; font-family: arial, helvetica, sans-serif;\"><span style=\"font-size: 12pt;\">P\u0159ev\u00e1\u017en\u00e1 \u010d\u00e1st z <a href=\"http:\/\/www.variantcb.cz\/?page_id=12\">jeden\u00e1cti \u010dlen\u016f<\/a> orchestru a jejich alternac\u00ed, &nbsp;jsou absolventi konzervato\u0159\u00ed, z\u00e1kladn\u00edch um\u011bleck\u00fdch \u0161kol a vy\u0161\u0161\u00edch. Mimo pr\u00e1ci v Tane\u010dn\u00edm orchestru Variant p\u016fsob\u00ed v cel\u00e9 \u0159ad\u011b \u0161pi\u010dkov\u00fdch formac\u00ed po cel\u00e9 \u010cR i v zahrani\u010d\u00ed a v\u011bt\u0161ina z nich p\u016fsob\u00ed jako pedagogov\u00e9 na um\u011bleck\u00fdch \u0161kol\u00e1ch. Svou interpretac\u00ed skladeb si orchestr z\u00edskal oblibu u mlad\u00e9 a st\u0159edn\u00ed generace a v\u0161ech, kte\u0159\u00ed d\u00e1vaj\u00ed p\u0159ednost dynamick\u00e9mu projevu. Na sv\u00e9m kont\u011b m\u00e1 \u0159adu vystoupen\u00ed na plesech v\u0161ech typ\u016f, firemn\u00edch akc\u00edch, koncert\u016f a (ve zmen\u0161en\u00e9 sestav\u011b) doprov\u00e1z\u00ed tane\u010dn\u00edky i na soukrom\u00fdch oslav\u00e1ch,&nbsp; jako jsou svatby, narozeniny a pod<\/span>.<\/span><\/p>\n<\/td>\n<\/tr>\n<\/tbody>\n<\/table>\n","protected":false},"excerpt":{"rendered":"<p>\u010ceskobud\u011bjovick\u00fd Tane\u010dn\u00ed orchestr Variant (*1974) interpretuje dom\u00e1c\u00ed i sv\u011btov\u00e9 hity jak v origin\u00e1ln\u00edch, tak i nov\u00fdch \u00faprav\u00e1ch bez pou\u017eit\u00ed elektronick\u00fdch hudebn\u00edch podklad\u016f. M\u011b\u0159\u00edtkem pro v\u00fdb\u011br reperto\u00e1ru je p\u0159edev\u0161\u00edm kvalita skladeb, bez ohledu na datum jejich vzniku. Proto v reperto\u00e1ru m\u016f\u017eete naj\u00edt zbrusu nov\u00e9 hity, vedle popov\u00e9 a rockov\u00e9 klasiky. Orchestr nab\u00edz\u00ed, krom\u011b zab\u011bhnut\u00e9 nab\u00eddky tzv. [&hellip;]<\/p>\n","protected":false},"author":1,"featured_media":0,"parent":0,"menu_order":1,"comment_status":"open","ping_status":"closed","template":"","meta":{"footnotes":""},"class_list":["post-10","page","type-page","status-publish","hentry"],"_links":{"self":[{"href":"https:\/\/www.variantcb.cz\/index.php?rest_route=\/wp\/v2\/pages\/10","targetHints":{"allow":["GET"]}}],"collection":[{"href":"https:\/\/www.variantcb.cz\/index.php?rest_route=\/wp\/v2\/pages"}],"about":[{"href":"https:\/\/www.variantcb.cz\/index.php?rest_route=\/wp\/v2\/types\/page"}],"author":[{"embeddable":true,"href":"https:\/\/www.variantcb.cz\/index.php?rest_route=\/wp\/v2\/users\/1"}],"replies":[{"embeddable":true,"href":"https:\/\/www.variantcb.cz\/index.php?rest_route=%2Fwp%2Fv2%2Fcomments&post=10"}],"version-history":[{"count":0,"href":"https:\/\/www.variantcb.cz\/index.php?rest_route=\/wp\/v2\/pages\/10\/revisions"}],"wp:attachment":[{"href":"https:\/\/www.variantcb.cz\/index.php?rest_route=%2Fwp%2Fv2%2Fmedia&parent=10"}],"curies":[{"name":"wp","href":"https:\/\/api.w.org\/{rel}","templated":true}]}}